 of 349347.
3, 23, 61, 83
List the prime factors of 14743061.
307, 48023
List the prime factors of 237681.
3, 8803
What are the prime factors of 94425?
3, 5, 1259
What are the prime factors of 231926?
2, 115963
What are the prime factors of 182767?
13, 17, 827
List the prime factors of 316508.
2, 67, 1181
List the prime factors of 442603.
7, 53, 1193
What are the prime factors of 13064703?
3, 29, 150169
List the prime factors of 194330.
2, 5, 19433
What are the prime factors of 1296734?
2, 503, 1289
List the prime factors of 937457.
23, 40759
What are the prime factors of 9070952?
2, 11, 103079
List the prime factors of 2185587.
3, 41, 5923
List the prime factors of 10369256.
2, 137, 9461
What are the prime factors of 252934?
2, 11, 11497
List the prime factors of 977655.
3, 5, 7, 9311
List the prime factors of 1059962.
2, 529981
List the prime factors of 322536.
2, 3, 89, 151
What are the prime factors of 2104424?
2, 7, 37579
What are the prime factors of 28099527?
3, 409, 22901
What are the prime factors of 400943?
400943
What are the prime factors of 791?
7, 113
What are the prime factors of 2720427?
3, 906809
List the prime factors of 371501.
13, 17, 41
List the prime factors of 3370451.
7, 113, 4261
List the prime factors of 1936842.
2, 3, 322807
What are the prime factors of 5054423?
11, 17, 151, 179
What are the prime factors of 2439257?
2439257
What are the prime factors of 6540185?
5, 1308037
List the prime factors of 1182360.
2, 3, 5, 59, 167
List the prime factors of 44733.
3, 13, 31, 37
List the prime factors of 600960.
2, 3, 5, 313
What are the prime factors of 63321?
3, 21107
What are the prime factors of 14754622?
2, 7377311
List the prime factors of 1727513.
1727513
List the prime factors of 42725810.
2, 5, 173, 24697
List the prime factors of 151485.
3, 5, 10099
List the prime factors of 34078582.
2, 1289, 13219
List the prime factors of 3257663.
3257663
What are the prime factors of 1130985?
3, 5, 41, 613
List the prime factors of 22374065.
5, 7, 639259
What are the prime factors of 483359?
89, 5431
List the prime factors of 921388.
2, 13, 29, 47
What are the prime factors of 1601526?
2, 3, 266921
List the prime factors of 126942.
2, 3, 21157
List the prime factors of 230125.
5, 7, 263
List the prime factors of 3613516.
2, 29, 31151
List the prime factors of 1020800.
2, 5, 11, 29
List the prime factors of 4891255.
5, 947, 1033
List the prime factors of 3556566.
2, 3, 13, 15199
What are the prime factors of 6111162?
2, 3, 467, 727
List the prime factors of 12605684.
2, 7, 13, 34631
List the prime factors of 5188429.
5188429
What are the prime factors of 684284?
2, 17, 29, 347
What are the prime factors of 287228?
2, 71807
What are the prime factors of 12704903?
12704903
List the prime factors of 20049086.
2, 17, 34687
What are the prime factors of 3923843?
7, 11, 131, 389
List the prime factors of 163600.
2, 5, 409
What are the prime factors of 744989?
7, 106427
What are the prime factors of 47032?
2, 5879
What are the prime factors of 163457?
7, 19, 1229
What are the prime factors of 29642?
2, 14821
What are the prime factors of 4680511?
11, 425501
List the prime factors of 59828.
2, 14957
What are the prime factors of 1823719?
1823719
What are the prime factors of 96909?
3, 32303
List the prime factors of 982776.
2, 3, 40949
List the prime factors of 1193421.
3, 397807
List the prime factors of 781621.
113, 6917
What are the prime factors of 1553746?
2, 97, 8009
List the prime factors of 731560.
2, 5, 18289
List the prime factors of 10907269.
1129, 9661
List the prime factors of 653934.
2, 3, 73, 1493
List the prime factors of 485267.
127, 3821
What are the prime factors of 514295?
5, 102859
What are the prime factors of 5529725?
5, 373, 593
List the prime factors of 120496.
2, 17, 443
What are the prime factors of 2939866?
2, 1469933
List the prime factors of 5038666.
2, 2519333
What are the prime factors of 1096289?
1096289
List the prime factors of 356147.
11, 32377
List the prime factors of 131019.
3, 7, 17, 367
List the prime factors of 245165.
5, 49033
List the prime factors of 957598.
2, 521, 919
List the prime factors of 12853270.
2, 5, 991, 1297
What are the prime factors of 15420033?
3, 1297, 1321
List the prime factors of 1021858.
2, 19, 26891
List the prime factors of 5067589.
5067589
What are the prime factors of 2932936?
2, 197, 1861
List the prime factors of 8281044.
2, 3, 37, 6217
List the prime factors of 9829265.
5, 1965853
What are the prime factors of 47392?
2, 1481
List the prime factors of 18324723.
3, 29, 347, 607
List the prime factors of 1600555.
5, 11, 29101
What are the prime factors of 228106?
2, 17, 6709
List the prime factors of 713463.
3, 237821
List the prime factors of 84718.
2, 42359
List the prime factors of 9353502.
2, 3, 17, 23, 443
List the prime factors of 2548616.
2, 7, 71, 641
What are the prime factors of 1360334?
2, 409, 1663
List the prime factors of 620207.
7, 41, 2161
What are the prime factors of 1142478?
2, 3, 21157
What are the prime factors of 38975?
5, 1559
List the prime factors of 2765824.
2, 37, 73
What are the prime factors of 939872?
2, 23, 1277
What are the prime factors of 7664?
2, 479
What are the prime factors of 2448560?
2, 5, 127, 241
List the prime factors of 167118.
2, 3, 7, 23, 173
List the prime factors of 588318.
2, 3, 31, 3163
List the prime factors of 29799598.
2, 47, 61, 5197
What are the prime factors of 893816?
2, 7, 11, 1451
List the prime factors of 4117827.
3, 7, 196087
What are the prime factors of 612698?
2, 306349
What are the prime factors of 1039036?
2, 67, 3877
What are the prime factors of 3631046?
2, 1815523
What are the prime factors of 148511?
11, 23, 587
What are the prime factors of 6267894?
2, 3, 311, 3359
List the prime factors of 184438.
2, 92219
What are the prime factors of 9854243?
7, 201107
What are the prime factors of 13756100?
2, 5, 151, 911
What are the prime factors of 251456?
2, 3929
List the prime factors of 7587.
3, 281
List the prime factors of 465515.
5, 93103
List the prime factors of 6005718.
2, 3, 111217
What are the prime factors of 6579920?
2, 5, 233, 353
List the prime factors of 3050821.
3050821
What are the prime factors of 1042572?
2, 3, 283, 307
List the prime factors of 2655569.
7, 97, 3911
List the prime factors of 296200.
2, 5, 1481
List the prime factors of 261960.
2, 3, 5, 37, 59
List the prime factors of 1709817.
3, 569939
What are the prime factors of 859913?
859913
List the prime factors of 205132.
2, 51283
What are the prime factors of 172950?
2, 3, 5, 1153
List the prime factors of 1254042.
2, 3, 7741
What are the prime factors of 713947?
13, 54919
List the prime factors of 189957.
3, 23, 2753
List the prime factors of 1129584.
2, 3, 101, 233
What are the prime factors of 3385329?
3, 17, 41, 1619
What are the prime factors of 33238030?
2, 5, 7, 19, 67, 373
List the prime factors of 12327041.
12327041
List the prime factors of 221800.
2, 5, 1109
What are the prime factors of 881132?
2, 7, 31469
What are the prime factors of 12481960?
2, 5, 97, 3217
List the prime factors of 58690.
2, 5, 5869
What are the prime factors of 14347472?
2, 896717
List the prime factors of 378068.
2, 47, 2011
List the prime factors of 441710.
2, 5, 44171
What are the prime factors of 1183395?
3, 5, 78893
What are the prime factors of 46952?
2, 5869
List the prime factors of 195342.
2, 3, 7, 4651
List the prime factors of 1071898.
2, 29, 18481
List the prime factors of 1700011.
1231, 1381
List the prime factors of 595911.
3, 198637
List the prime factors of 833008.
2, 11, 4733
List the prime factors of 38860616.
2, 23, 211199
List the prime factors of 19162159.
19162159
What are the prime factors of 2681976?
2, 3, 11, 10159
List the prime factors of 1115035.
5, 223007
List the prime factors of 1060851.
3, 11, 17, 31, 61
What are the prime factors of 848410?
2, 5, 37, 2293
What are the prime factors of 8090781?
3, 2696927
What are the prime factors of 8508962?
2, 7, 11, 5023
What are the prime factors of 270820?
2, 5, 11, 1231
List the prime factors of 23607170.
2, 5, 373, 6329
What are the prime factors of 19297718?
2, 11, 877169
What are the prime factors of 33384?
2, 3, 13, 107
List the prime factors of 680595.
3, 5, 17, 